is j(5)?
13
Let t(q) = q**3 + 62*q**2 - 135*q - 436. What is t(-64)?
12
Let l(j) = -j**3 + 83*j**2 - 78*j - 3. Calculate l(1).
1
Let y(l) = -l**2 + 38*l + 1005. Give y(-18).
-3
Let d(i) = -86*i + 2105. What is d(24)?
41
Let n(s) = -55*s - 1340. What is n(-24)?
-20
Let y(f) = -39*f + 55. What is y(7)?
-218
Let g(u) = -u**3 + 35*u**2 + 44*u - 256. Determine g(36).
32
Let q(s) = s**2 + 265*s - 15025. Calculate q(48).
-1
Let n(w) = -4*w - 132. Determine n(-28).
-20
Let d(h) = -10*h**3 + 7*h**2 + 17*h + 10. What is d(-3)?
292
Let u(a) = 1144*a + 9211. What is u(-8)?
59
Let j(u) = 32*u**2 + 535*u - 172. Calculate j(-17).
-19
Let l(u) = -7*u**2 - 1609*u + 216. Give l(-230).
-14
Let h(r) = -71*r - 1273. Determine h(-17).
-66
Let s(t) = -t**3 + 9*t**2 - 22*t + 59. Give s(8).
-53
Let c(n) = 150*n**2 - 8*n - 7. Determine c(0).
-7
Let f(a) = -a**3 + 91*a**2 + 1959*a + 339. Determine f(109).
12
Let f(g) = g**3 + 30*g**2 - 31*g - 1754. What is f(-29)?
-14
Let z(f) = -26*f - 496. Calculate z(-17).
-54
Let d(a) = 73*a + 3. Determine d(-3).
-216
Let i(m) = -m**3 + 15*m**2 - 27*m - 7. Give i(12).
101
Let s(m) = -452*m - 1399. Calculate s(-3).
-43
Let b(z) = 589*z + 38286. Give b(-65).
1
Let z(a) = 2*a**3 - 9*a**2 + 9*a + 3. Determine z(5).
73
Let n(k) = -89*k - 2948. Determine n(-33).
-11
Let a(t) = -t**3 + 25*t**2 + 86*t - 901. Give a(27).
-37
Let a(g) = 19*g**2 - 100*g + 138. What is a(2)?
14
Let v(o) = -o**3 - 12*o**2 - 9*o + 166. Calculate v(-9).
4
Let j(w) = 21*w**2 + 17*w - 562. Determine j(0).
-562
Let y(z) = z**3 + 114*z**2 + 3122*z - 406. Give y(-68).
2
Let w(z) = -2*z**2 - 32*z + 148. What is w(-20)?
-12
Let b(h) = h**2 - 10*h - 356. Determine b(-15).
19
Let j(u) = -334*u + 646. Determine j(2).
-22
Let j(h) = 441*h + 6167. Give j(-14).
-7
Let o(c) = 7*c**3 + 654*c**2 - 378*c - 192. What is o(-94)?
-4
Let f(g) = 903*g - 14436. What is f(16)?
12
Let l(z) = 22*z**3 - 48*z**2 + 12*z - 6. What is l(2)?
2
Let s(g) = -3*g**3 - 19*g**2 - 82*g + 2. What is s(-5)?
312
Let t(g) = -g**2 - 18*g - 37. Determine t(-23).
-152
Let o(r) = -3*r**3 + 11*r**2 + 2*r + 14. Give o(4).
6
Let f(j) = -2*j**3 - 38*j**2 + 11*j - 30. Give f(-19).
-239
Let q(m) = -4*m**3 - 62*m**2 + 38*m + 29. Calculate q(-16).
-67
Let x(k) = 2*k**2 - 28*k + 7. Give x(17).
109
Let r(c) = 8*c + 415. Calculate r(-33).
151
Let h(m) = -m**3 + 21*m**2 + 59*m - 160. Calculate h(23).
139
Let r(o) = o**3 + 8*o**2 - 17*o - 172. What is r(-6)?
2
Let u(i) = -i**3 + 3*i**2 - 320*i + 950. Determine u(3).
-10
Let y(m) = -5*m**2 + 170*m + 9. Give y(34).
9
Let r(a) = -31*a - 149. Calculate r(-11).
192
Let b(k) = k**3 - 16*k**2 + 48*k + 12. What is b(12)?
12
Let l(d) = -2*d**2 + 363*d - 14878. Calculate l(119).
-3
Let x(i) = 93*i + 107. What is x(-1)?
14
Let j(h) = h - 118. Calculate j(30).
-88
Let n(m) = -2*m**2 - 234*m + 12189. Determine n(39).
21
Let c(w) = 12*w - 18. What is c(-2)?
-42
Let f(w) = 4*w**2 - 17*w - 2. Determine f(-1).
19
Let u(l) = 2*l**3 + 49*l**2 + 247*l + 5. Determine u(-7).
-9
Let m(z) = -66*z + 269. Give m(4).
5
Let d(n) = n**3 + 10*n**2 - 78*n + 7. What is d(-15)?
52
Let c(v) = v**2 + 101*v - 2435. Determine c(-121).
-15
Let o(p) = 10*p**2 - 27*p - 269. What is o(-4)?
-1
Let o(y) = -950*y - 62706. Determine o(-66).
-6
Let j(c) = -c**2 - 114*c - 1719. Give j(-16).
-151
Let r(c) = 3*c**2 + 12*c - 25. Give r(-5).
-10
Let n(z) = -12*z + 56. Determine n(4).
8
Let y(v) = v**3 - 27*v**2 - 29*v + 34. What is y(28)?
6
Let u(m) = -2*m**3 - 7*m**2 - 13*m - 38. Determine u(-5).
102
Let v(w) = 6*w**2 + 7*w - 34. Give v(2).
4
Let k(l) = 5*l**2 - 2596*l - 7799. Determine k(-3).
34
Let y(q) = -1213*q - 29115. Determine y(-24).
-3
Let d(r) = r**2 + 32*r + 122. What is d(-5)?
-13
Let d(c) = 8*c**2 + 113*c - 5. Determine d(-11).
-280
Let f(x) = 6*x**2 - 40*x - 15. Give f(0).
-15
Let z(p) = -21*p + 111. Calculate z(4).
27
Let y(j) = -3944*j + 114368. Determine y(29).
-8
Let h(l) = 2*l**3 - 15*l**2 + 10*l - 89. Determine h(7).
-68
Let l(m) = -223*m - 438. Calculate l(-2).
8
Let v(w) = -w**3 - 59*w**2 - 55*w + 161. Give v(-58).
-13
Let b(f) = 481*f - 18282. What is b(38)?
-4
Let v(d) = -2*d**3 + 8*d**2 - 4*d + 15. What is v(4)?
-1
Let i(f) = 3*f + 6. Calculate i(53).
165
Let w(q) = 9*q + 725. Determine w(-56).
221
Let i(b) = b**3 - 10*b**2 + 16*b + 64. Calculate i(5).
19
Let j(u) = 35*u**3 + 2*u**2 - 4*u - 5. Give j(-1).
-34
Let j(u) = 45*u - 334. Determine j(7).
-19
Let f(k) = -439*k - 22435. Calculate f(-51).
-46
Let i(o) = o**3 + 30*o**2 - 40*o - 437. What is i(-31)?
-158
Let r(p) = p**3 + 19*p**2 + 4*p - 76. Calculate r(-18).
176
Let x(y) = y**3 + 71*y**2 - 2*y - 338. Give x(-71).
-196
Let l(x) = x**2 + 46*x + 472. What is l(-21)?
-53
Let a(o) = 10*o**3 - 14*o**2 + 8*o + 5. Determine a(2).
45
Let z(g) = g**3 - 19*g**2 + 73*g + 86. Calculate z(13).
21
Let b(g) = 93*g - 6684. What is b(72)?
12
Let j(i) = 57*i**2 - 2171*i + 185. What is j(38)?
-5
Let g(s) = 3*s**2 - 193*s - 749. Determine g(-4).
71
Let h(o) = -43*o + 390. Give h(6).
132
Let r(x) = 2*x**3 + 16*x**2 + 25*x - 7. Calculate r(-3).
8
Let r(v) = -v**3 + 8*v**2 + 201*v - 391. What is r(18)?
-13
Let i(y) = 2*y**3 + 3*y**2 - 25*y + 53. Determine i(6).
443
Let b(c) = 15*c - 454. Give b(31).
11
Let m(k) = -2*k**2 - 157*k - 1352. Determine m(-69).
-41
Let f(s) = -63*s + 2029. What is f(26)?
391
Let z(b) = 17*b**2 + 249*b + 18. Determine z(-10).
-772
Let l(t) = t**3 - 15*t**2 - 8*t - 114. What is l(16)?
14
Let a(x) = -5*x**2 - 79*x + 78. Determine a(1).
-6
Let n(m) = -m**3 + 32*m**2 + 80*m + 873. What is n(35)?
-2
Let f(l) = -18*l**2 + 48*l + 25. Give f(3).
7
Let t(u) = 31*u - 407. Determine t(33).
616
Let c(d) = d**2 + 21*d - 410. What is c(-33)?
-14
Let k(x) = -x**2 - 29*x - 144. Calculate k(-16).
64
Let v(j) = j**2 - 121*j - 6032. Calculate v(-38).
10
Let m(x) = -15*x**3 - 1741*x**2 - 94*x + 2548. Calculate m(-116).
-4
Let w(k) = k**2 - 123*k - 1132. Give w(-10).
198
Let t(w) = -w**2 - 8*w + 2467. Determine t(-54).
-17
Let f(h) = -11*h + 32. Give f(-3).
65
Let y(q) = -94*q**2 - 471*q - 11. Determine y(-5).
-6
Let n(y) = 2*y**2 + 24*y + 61. Determine n(-10).
21
Let o(t) = -2*t**2 + 174*t - 2879. Calculate o(22).
-19
Let b(m) = -m**2 - 328*m + 21499. Give b(56).
-5
Let q(v) = -v**2 + 35*v - 2. Calculate q(0).
-2
Let s(g) = -g**2 + 578*g - 55. Give s(0).
-55
Let d(q) = q**3 + 22*q**2 - 95*q - 2554. Calculate d(-20).
146
Let d(l) = -209*l + 166. What is d(4)?
-670
Let q(w) = -w**3 + 137*w**2 - 270*w + 23. What is q(135)?
23
Let b(q) = 18*q - 704. What is b(38)?
-20
Let q(o) = -o**2 + 63*o - 726. Calculate q(47).
26
Let c(n) = 9*n**3 - 89*n**2 - 200*n + 1900. Give c(10).
0
Let n(q) = -q**2 - 139*q + 876. Give n(6).
6
Let c(x) = -146*x - 7721. What is c(-53)?
17
Let d(z) = -446*z - 417. Determine d(-1).
29
Let m(h) = -h**3 - 36*h**2 + 35*h - 31. Give m(-37).
43
Let p(f) = -6*f + 203. Calculate p(26).
47
Let z(y) = y**3 + 6*y**2 - 17*y - 47. What is z(-7)?
23
Let o(k) = 1304*k + 16942. Calculate o(-13).
-10
Let p(x) = 21*x**2 - 73*x - 71. Give p(-1).
23
Let u(w) = -4*w**3 + 79*w**2 - 147*w - 5. Give u(2).
-15
Let f(l) = 9*l**2 + 117*l - 708. What is f(7)?
552
Let t(p) = p**3 + 39*p**2 - 175*p - 141. Calculate t(-43).
-12
Let d(p) = -3*p**3 + 34*p**2 - 22*p + 130. Calculate d(11).
9
Let a(w) = 220*w + 1754. What is a(-8)?
-6
Let w(x) = -131*x + 1809. Give w(14).
-25
Let k(i) = -4*i**2 - 518*i - 15958. Determine k(-79).
0
Let y(u) = 3*u**3 + 17*u**2 - 22*u - 74. Give y(-2).
14
Let a(r) = 8*r - 50. Determine a(-24).
-242
Let u(v) = -3*v - 633. Calculate u(-34).
-531
Let c(i) = 9*i - 12. Calculate c(2).
6
Let v(m) = 7*m**2 - 40*m - 75. Give v(-2).
33
Let y(o) = 6887*o - 275481. Determine y(40).
-1
Let z(l) = 2*l**2 - 36*l + 170. Determine z(7).
16
Let p(b) = -35*b - 117. Give p(-8).
163
Let c(r) = -47*r + 2441. Give c(54).
-97
Let k(l) = 19*l**2 + 28*l + 56. Calculate k(-4).
248
Let h(q) = 1104*q + 2202. Give h(-2).
-6
Let k(w) = -2947*w - 150302. Calculate k(-51).
-5
Let d(c) = -342*c - 2443. Determine d(-7).
-49
Let v(j) = -6*j + 112. Calculate v(24).
-32
Let x(k) = -3*k**2 - 41*k + 4. What is x(-18)?
-230
Let f(m) = 838*m - 53. Give f(1).
785
Let s(i) = 15*i - 485. Determine s(26).
-95
Let b(c) = -2*c**2 - 59*c - 103. Give b(-28).
-19
Let t(m) = -m**2 + 94*m 